{"id":518,"date":"2024-10-21T07:14:33","date_gmt":"2024-10-21T05:14:33","guid":{"rendered":"http:\/\/www.trecolore.at\/architects\/?page_id=518"},"modified":"2024-12-03T08:21:16","modified_gmt":"2024-12-03T07:21:16","slug":"copyright","status":"publish","type":"page","link":"https:\/\/www.trecolore.at\/architects\/copyright\/","title":{"rendered":"Fair Cooperation Policy"},"content":{"rendered":"<div class=\"fusion-fullwidth fullwidth-box fusion-builder-row-1 fusion-flex-container nonhundred-percent-fullwidth non-hundred-percent-height-scrolling\" style=\"--awb-border-radius-top-left:0px;--awb-border-radius-top-right:0px;--awb-border-radius-bottom-right:0px;--awb-border-radius-bottom-left:0px;--awb-flex-wrap:wrap;\" ><div class=\"fusion-builder-row fusion-row fusion-flex-align-items-flex-start fusion-flex-content-wrap\" style=\"max-width:998.4px;margin-left: calc(-4% \/ 2 );margin-right: calc(-4% \/ 2 );\"><div class=\"fusion-layout-column fusion_builder_column fusion-builder-column-0 fusion_builder_column_1_1 1_1 fusion-flex-column\" style=\"--awb-bg-size:cover;--awb-width-large:100%;--awb-margin-top-large:0px;--awb-spacing-right-large:1.92%;--awb-margin-bottom-large:0px;--awb-spacing-left-large:1.92%;--awb-width-medium:100%;--awb-spacing-right-medium:1.92%;--awb-spacing-left-medium:1.92%;--awb-width-small:100%;--awb-spacing-right-small:1.92%;--awb-spacing-left-small:1.92%;\"><div class=\"fusion-column-wrapper fusion-flex-justify-content-flex-start fusion-content-layout-column\"><div class=\"fusion-text fusion-text-1\"><h2 style=\"text-align: center;\">Gute Zusammenarbeit braucht Fairness.<\/h2>\n<p>Ein wesentliches Element unserer Arbeitsweise, um zu innovativen und effizienten L\u00f6sungen zu gelangen, ist die Einbeziehung unterschiedlicher &#8211; manchmal auch unerwarteter &#8211; Disziplinen. Das bedeutet, dass zur Umsetzung unserer Konzepte und Ideen bereits in fr\u00fchen Planungsphasen Dritte eingebunden werden. Zum Schutz unseres geistigen Eigentums haben wir uns mit der <strong>Fair Cooperation Policy<\/strong> dazu entschlossen, unsere Auftraggeber, Kooperationspartner, Subplaner und Konsulenten im Rahmen unserer Allgemeinen Gesch\u00e4ftsbedingungen zu verpflichten, weitere Bearbeitungen unserer Entw\u00fcrfe, Pl\u00e4ne, Konzepte u. \u00e4. Ausarbeitungen dahingehend zu kennzeichnen, dass sie auf Architektur- und Designkonzepten der Trecolore Architects basieren.<\/p>\n<p><strong>Diese Kennzeichnung hat mit folgendem Text zu erfolgen:<\/strong><\/p>\n<\/div><div class=\"fusion-reading-box-container reading-box-container-1\" style=\"--awb-title-color:#333333;--awb-margin-top:0px;--awb-margin-bottom:30px;\"><div class=\"reading-box\" style=\"background-color:#f6f6f6;border-width:1px;border-color:#f6f6f6;border-left-width:3px;border-left-color:var(--primary_color);border-style:solid;\"><div class=\"reading-box-additional\">\n<p><em>Die vorliegenden Bearbeitungen\/Planungen\/Skizzen basieren auf Architektur- und Designkonzepten der Trecolore Architects ZT GmbH und sind geistiges Eigentum im Sinnes des Urheberrechtes. Jede weitere Bearbeitung\/Nutzung\/Weitergabe ist nicht gestattet und bedarf der ausdr\u00fccklichen Zustimmung des Urhebers.<\/em><\/p>\n<\/div><div class=\"fusion-clearfix\"><\/div><\/div><\/div><\/div><\/div><div class=\"fusion-layout-column fusion_builder_column fusion-builder-column-1 fusion_builder_column_1_1 1_1 fusion-flex-column\" style=\"--awb-bg-size:cover;--awb-width-large:100%;--awb-margin-top-large:0px;--awb-spacing-right-large:1.92%;--awb-margin-bottom-large:0px;--awb-spacing-left-large:1.92%;--awb-width-medium:100%;--awb-spacing-right-medium:1.92%;--awb-spacing-left-medium:1.92%;--awb-width-small:100%;--awb-spacing-right-small:1.92%;--awb-spacing-left-small:1.92%;\"><div class=\"fusion-column-wrapper fusion-flex-justify-content-flex-start fusion-content-layout-column\"><div class=\"fusion-text fusion-text-2\"><h3>Copyright\/Urheberrecht<\/h3>\n<p>Selbstverst\u00e4ndlich gilt dar\u00fcber hinaus f\u00fcr alle unsere Ausarbeitungen, Konzepte, Entw\u00fcrfe, Planungen sowie Text- und Bildmaterial das Urheberrecht gem. Urheberrechtsgesetz BGBl. 111\/1936 idgF. Ein Versto\u00df ist strafbar und verpflichtet \u00fcberdies zum Schadenersatz.<\/p>\n<p>&nbsp;<\/p>\n<\/div><\/div><\/div><\/div><\/div>\n","protected":false},"excerpt":{"rendered":"","protected":false},"author":1,"featured_media":0,"parent":0,"menu_order":0,"comment_status":"closed","ping_status":"closed","template":"","meta":{"ngg_post_thumbnail":0,"footnotes":""},"class_list":["post-518","page","type-page","status-publish","hentry"],"yoast_head":"<!-- This site is optimized with the Yoast SEO plugin v27.0 - https:\/\/yoast.com\/product\/yoast-seo-wordpress\/ -->\n<title>Fair Cooperation Policy | Trecolore :: Architects of integrated solutions<\/title>\n<meta name=\"robots\" content=\"index, follow, max-snippet:-1, max-image-preview:large, max-video-preview:-1\" \/>\n<link rel=\"canonical\" href=\"https:\/\/www.trecolore.at\/architects\/copyright\/\" \/>\n<meta property=\"og:locale\" content=\"de_DE\" \/>\n<meta property=\"og:type\" content=\"article\" \/>\n<meta property=\"og:title\" content=\"Fair Cooperation Policy | Trecolore :: Architects of integrated solutions\" \/>\n<meta property=\"og:url\" content=\"https:\/\/www.trecolore.at\/architects\/copyright\/\" \/>\n<meta property=\"og:site_name\" content=\"Trecolore :: Architects of integrated solutions\" \/>\n<meta property=\"article:publisher\" content=\"https:\/\/www.facebook.com\/trecolore\/\" \/>\n<meta property=\"article:modified_time\" content=\"2024-12-03T07:21:16+00:00\" \/>\n<meta name=\"twitter:card\" content=\"summary_large_image\" \/>\n<meta name=\"twitter:label1\" content=\"Gesch\u00e4tzte Lesezeit\" \/>\n\t<meta name=\"twitter:data1\" content=\"1\u00a0Minute\" \/>\n<script type=\"application\/ld+json\" class=\"yoast-schema-graph\">{\"@context\":\"https:\/\/schema.org\",\"@graph\":[{\"@type\":\"WebPage\",\"@id\":\"https:\/\/www.trecolore.at\/architects\/copyright\/\",\"url\":\"https:\/\/www.trecolore.at\/architects\/copyright\/\",\"name\":\"Fair Cooperation Policy | Trecolore :: Architects of integrated solutions\",\"isPartOf\":{\"@id\":\"https:\/\/www.trecolore.at\/architects\/#website\"},\"datePublished\":\"2024-10-21T05:14:33+00:00\",\"dateModified\":\"2024-12-03T07:21:16+00:00\",\"breadcrumb\":{\"@id\":\"https:\/\/www.trecolore.at\/architects\/copyright\/#breadcrumb\"},\"inLanguage\":\"de\",\"potentialAction\":[{\"@type\":\"ReadAction\",\"target\":[\"https:\/\/www.trecolore.at\/architects\/copyright\/\"]}]},{\"@type\":\"BreadcrumbList\",\"@id\":\"https:\/\/www.trecolore.at\/architects\/copyright\/#breadcrumb\",\"itemListElement\":[{\"@type\":\"ListItem\",\"position\":1,\"name\":\"Startseite\",\"item\":\"https:\/\/www.trecolore.at\/architects\/\"},{\"@type\":\"ListItem\",\"position\":2,\"name\":\"Fair Cooperation Policy\"}]},{\"@type\":\"WebSite\",\"@id\":\"https:\/\/www.trecolore.at\/architects\/#website\",\"url\":\"https:\/\/www.trecolore.at\/architects\/\",\"name\":\"Trecolore :: Architects of integrated solutions\",\"description\":\"Architekturb\u00fcro f\u00fcr integrale Planung\",\"potentialAction\":[{\"@type\":\"SearchAction\",\"target\":{\"@type\":\"EntryPoint\",\"urlTemplate\":\"https:\/\/www.trecolore.at\/architects\/?s={search_term_string}\"},\"query-input\":{\"@type\":\"PropertyValueSpecification\",\"valueRequired\":true,\"valueName\":\"search_term_string\"}}],\"inLanguage\":\"de\"}]}<\/script>\n<!-- \/ Yoast SEO plugin. -->","yoast_head_json":{"title":"Fair Cooperation Policy | Trecolore :: Architects of integrated solutions","robots":{"index":"index","follow":"follow","max-snippet":"max-snippet:-1","max-image-preview":"max-image-preview:large","max-video-preview":"max-video-preview:-1"},"canonical":"https:\/\/www.trecolore.at\/architects\/copyright\/","og_locale":"de_DE","og_type":"article","og_title":"Fair Cooperation Policy | Trecolore :: Architects of integrated solutions","og_url":"https:\/\/www.trecolore.at\/architects\/copyright\/","og_site_name":"Trecolore :: Architects of integrated solutions","article_publisher":"https:\/\/www.facebook.com\/trecolore\/","article_modified_time":"2024-12-03T07:21:16+00:00","twitter_card":"summary_large_image","twitter_misc":{"Gesch\u00e4tzte Lesezeit":"1\u00a0Minute"},"schema":{"@context":"https:\/\/schema.org","@graph":[{"@type":"WebPage","@id":"https:\/\/www.trecolore.at\/architects\/copyright\/","url":"https:\/\/www.trecolore.at\/architects\/copyright\/","name":"Fair Cooperation Policy | Trecolore :: Architects of integrated solutions","isPartOf":{"@id":"https:\/\/www.trecolore.at\/architects\/#website"},"datePublished":"2024-10-21T05:14:33+00:00","dateModified":"2024-12-03T07:21:16+00:00","breadcrumb":{"@id":"https:\/\/www.trecolore.at\/architects\/copyright\/#breadcrumb"},"inLanguage":"de","potentialAction":[{"@type":"ReadAction","target":["https:\/\/www.trecolore.at\/architects\/copyright\/"]}]},{"@type":"BreadcrumbList","@id":"https:\/\/www.trecolore.at\/architects\/copyright\/#breadcrumb","itemListElement":[{"@type":"ListItem","position":1,"name":"Startseite","item":"https:\/\/www.trecolore.at\/architects\/"},{"@type":"ListItem","position":2,"name":"Fair Cooperation Policy"}]},{"@type":"WebSite","@id":"https:\/\/www.trecolore.at\/architects\/#website","url":"https:\/\/www.trecolore.at\/architects\/","name":"Trecolore :: Architects of integrated solutions","description":"Architekturb\u00fcro f\u00fcr integrale Planung","potentialAction":[{"@type":"SearchAction","target":{"@type":"EntryPoint","urlTemplate":"https:\/\/www.trecolore.at\/architects\/?s={search_term_string}"},"query-input":{"@type":"PropertyValueSpecification","valueRequired":true,"valueName":"search_term_string"}}],"inLanguage":"de"}]}},"_links":{"self":[{"href":"https:\/\/www.trecolore.at\/architects\/wp-json\/wp\/v2\/pages\/518","targetHints":{"allow":["GET"]}}],"collection":[{"href":"https:\/\/www.trecolore.at\/architects\/wp-json\/wp\/v2\/pages"}],"about":[{"href":"https:\/\/www.trecolore.at\/architects\/wp-json\/wp\/v2\/types\/page"}],"author":[{"embeddable":true,"href":"https:\/\/www.trecolore.at\/architects\/wp-json\/wp\/v2\/users\/1"}],"replies":[{"embeddable":true,"href":"https:\/\/www.trecolore.at\/architects\/wp-json\/wp\/v2\/comments?post=518"}],"version-history":[{"count":5,"href":"https:\/\/www.trecolore.at\/architects\/wp-json\/wp\/v2\/pages\/518\/revisions"}],"predecessor-version":[{"id":4613,"href":"https:\/\/www.trecolore.at\/architects\/wp-json\/wp\/v2\/pages\/518\/revisions\/4613"}],"wp:attachment":[{"href":"https:\/\/www.trecolore.at\/architects\/wp-json\/wp\/v2\/media?parent=518"}],"curies":[{"name":"wp","href":"https:\/\/api.w.org\/{rel}","templated":true}]}}